Last updated on 2023-03-20 05:52:09 CET.
Flavor | Version | Tinstall | Tcheck | Ttotal | Status | Flags |
---|---|---|---|---|---|---|
r-devel-linux-x86_64-debian-clang | 0.3.0 | ERROR | ||||
r-devel-linux-x86_64-debian-gcc | 0.3.0 | 1.20 | 1.51 | 2.71 | ERROR | |
r-devel-linux-x86_64-fedora-clang | 0.3.0 | 4.06 | ERROR | |||
r-devel-linux-x86_64-fedora-gcc | 0.3.0 | 4.02 | ERROR | |||
r-devel-windows-x86_64 | 0.3.0 | 8.00 | 6.00 | 14.00 | ERROR | |
r-patched-linux-x86_64 | 0.3.0 | 0.95 | 2.82 | 3.77 | ERROR | |
r-release-linux-x86_64 | 0.3.0 | 1.57 | 2.87 | 4.44 | ERROR | |
r-release-macos-arm64 | 0.3.0 | 24.00 | OK | |||
r-release-macos-x86_64 | 0.3.0 | 35.00 | OK | |||
r-release-windows-x86_64 | 0.3.0 | 11.00 | 7.00 | 18.00 | ERROR | |
r-oldrel-macos-arm64 | 0.3.0 | 26.00 | OK | |||
r-oldrel-macos-x86_64 | 0.3.0 | 33.00 | OK | |||
r-oldrel-windows-ix86+x86_64 | 0.3.0 | 4.00 | 19.00 | 23.00 | ERROR |
Version: 0.3.0
Check: whether package can be installed
Result: ERROR
Installation failed.
Flavors: r-devel-linux-x86_64-debian-clang, r-devel-linux-x86_64-debian-gcc, r-devel-linux-x86_64-fedora-clang, r-devel-linux-x86_64-fedora-gcc, r-devel-windows-x86_64, r-patched-linux-x86_64, r-release-linux-x86_64, r-release-windows-x86_64, r-oldrel-windows-ix86+x86_64