CRAN Package Check Results for Package eggCounts

Last updated on 2022-09-30 07:51:15 CEST.

Flavor Version Tinstall Tcheck Ttotal Status Flags
r-devel-linux-x86_64-debian-clang 2.3-2 814.49 161.58 976.07 NOTE
r-devel-linux-x86_64-debian-gcc 2.3-2 771.05 158.15 929.20 NOTE
r-devel-linux-x86_64-fedora-clang 2.3-2 1252.66 NOTE
r-devel-linux-x86_64-fedora-gcc 2.3-2 1632.85 NOTE
r-devel-windows-x86_64 2.3-2 1095.00 269.00 1364.00 NOTE
r-patched-linux-x86_64 2.3-2 576.14 199.60 775.74 NOTE
r-release-linux-x86_64 2.3-2 591.08 204.83 795.91 NOTE
r-release-macos-arm64 2.3-2 352.00 NOTE
r-release-macos-x86_64 2.3-2 706.00 NOTE
r-release-windows-x86_64 2.3-2 1040.00 269.00 1309.00 NOTE
r-oldrel-macos-arm64 2.3-2 273.00 NOTE
r-oldrel-macos-x86_64 2.3-2 467.00 NOTE
r-oldrel-windows-ix86+x86_64 2.3-2 1812.00 18.00 1830.00 ERROR

Check Details

Version: 2.3-2
Check: package dependencies
Result: NOTE
    Package suggested but not available for checking: 'eggCountsExtra'
Flavors: r-devel-linux-x86_64-debian-clang, r-devel-linux-x86_64-debian-gcc, r-devel-linux-x86_64-fedora-clang, r-devel-linux-x86_64-fedora-gcc, r-devel-windows-x86_64, r-patched-linux-x86_64, r-release-linux-x86_64, r-release-macos-arm64, r-release-macos-x86_64, r-release-windows-x86_64, r-oldrel-macos-arm64, r-oldrel-macos-x86_64, r-oldrel-windows-ix86+x86_64

Version: 2.3-2
Check: for GNU extensions in Makefiles
Result: NOTE
    GNU make is a SystemRequirements.
Flavors: r-devel-linux-x86_64-debian-clang, r-devel-linux-x86_64-debian-gcc, r-devel-linux-x86_64-fedora-clang, r-devel-linux-x86_64-fedora-gcc, r-devel-windows-x86_64, r-patched-linux-x86_64, r-release-linux-x86_64, r-release-macos-arm64, r-release-macos-x86_64, r-release-windows-x86_64, r-oldrel-macos-arm64, r-oldrel-macos-x86_64

Version: 2.3-2
Check: installed package size
Result: NOTE
     installed size is 8.4Mb
     sub-directories of 1Mb or more:
     libs 7.7Mb
Flavors: r-devel-linux-x86_64-fedora-clang, r-devel-windows-x86_64, r-release-macos-arm64, r-release-macos-x86_64, r-release-windows-x86_64, r-oldrel-macos-arm64, r-oldrel-macos-x86_64

Version: 2.3-2
Check: whether package can be installed
Result: ERROR
    Installation failed.
Flavor: r-oldrel-windows-ix86+x86_64