CRAN Package Check Results for Package eigenmodel

Last updated on 2024-02-24 06:50:35 CET.

Flavor Version Tinstall Tcheck Ttotal Status Flags
r-devel-linux-x86_64-debian-clang 1.11 2.36 32.78 35.14 NOTE
r-devel-linux-x86_64-debian-gcc 1.11 1.62 25.12 26.74 NOTE
r-devel-linux-x86_64-fedora-clang 1.11 43.84 NOTE
r-devel-linux-x86_64-fedora-gcc 1.11 42.61 NOTE
r-devel-windows-x86_64 1.11 3.00 47.00 50.00 NOTE
r-patched-linux-x86_64 1.11 2.83 32.48 35.31 NOTE
r-release-linux-x86_64 1.11 2.30 32.91 35.21 NOTE
r-release-macos-arm64 1.11 20.00 NOTE
r-release-macos-x86_64 1.11 26.00 NOTE
r-release-windows-x86_64 1.11 4.00 49.00 53.00 NOTE
r-oldrel-macos-arm64 1.11 17.00 OK
r-oldrel-windows-x86_64 1.11 7.00 54.00 61.00 OK

Check Details

Version: 1.11
Check: package subdirectories
Result: NOTE Problems with news in ‘NEWS.md’: No news entries found. Flavors: r-devel-linux-x86_64-debian-clang, r-devel-linux-x86_64-debian-gcc, r-devel-linux-x86_64-fedora-clang, r-devel-linux-x86_64-fedora-gcc, r-devel-windows-x86_64, r-patched-linux-x86_64, r-release-linux-x86_64, r-release-macos-arm64, r-release-macos-x86_64, r-release-windows-x86_64