CRAN Package Check Results for Package eimpute

Last updated on 2021-06-19 06:48:06 CEST.

Flavor Version Tinstall Tcheck Ttotal Status Flags
r-devel-linux-x86_64-debian-clang 0.1.1 136.67 30.70 167.37 NOTE
r-devel-linux-x86_64-debian-gcc 0.1.1 114.40 28.31 142.71 NOTE
r-devel-linux-x86_64-fedora-clang 0.1.1 244.18 NOTE
r-devel-linux-x86_64-fedora-gcc 0.1.1 247.59 NOTE
r-devel-windows-x86_64 0.1.1 119.00 47.00 166.00 NOTE
r-devel-windows-x86_64-gcc10-UCRT 0.1.1 NOTE
r-patched-linux-x86_64 0.1.1 124.04 34.75 158.79 NOTE
r-patched-solaris-x86 0.1.1 188.30 NOTE
r-release-linux-x86_64 0.1.1 122.08 34.78 156.86 NOTE
r-release-macos-arm64 0.1.1 NOTE
r-release-macos-x86_64 0.1.1 NOTE
r-release-windows-ix86+x86_64 0.1.1 232.00 75.00 307.00 NOTE
r-oldrel-macos-x86_64 0.1.1 NOTE
r-oldrel-windows-ix86+x86_64 0.1.1 167.00 76.00 243.00 OK

Check Details

Version: 0.1.1
Check: LazyData
Result: NOTE
     'LazyData' is specified without a 'data' directory
Flavors: r-devel-linux-x86_64-debian-clang, r-devel-linux-x86_64-debian-gcc, r-devel-linux-x86_64-fedora-clang, r-devel-linux-x86_64-fedora-gcc, r-devel-windows-x86_64, r-devel-windows-x86_64-gcc10-UCRT, r-patched-linux-x86_64, r-patched-solaris-x86, r-release-linux-x86_64, r-release-macos-arm64, r-release-macos-x86_64, r-release-windows-ix86+x86_64

Version: 0.1.1
Check: installed package size
Result: NOTE
     installed size is 43.1Mb
     sub-directories of 1Mb or more:
     libs 42.1Mb
Flavors: r-devel-linux-x86_64-fedora-clang, r-release-macos-arm64, r-release-macos-x86_64, r-oldrel-macos-x86_64