CRAN Package Check Results for Package einsum

Last updated on 2023-01-31 06:51:19 CET.

Flavor Version Tinstall Tcheck Ttotal Status Flags
r-devel-linux-x86_64-debian-clang 0.1.0 20.87 170.95 191.82 OK
r-devel-linux-x86_64-debian-gcc 0.1.0 15.92 125.52 141.44 NOTE
r-devel-linux-x86_64-fedora-clang 0.1.0 263.10 NOTE
r-devel-linux-x86_64-fedora-gcc 0.1.0 236.59 NOTE
r-devel-windows-x86_64 0.1.0 27.00 227.00 254.00 NOTE
r-patched-linux-x86_64 0.1.0 15.36 146.11 161.47 OK
r-release-linux-x86_64 0.1.0 15.39 145.48 160.87 OK
r-release-macos-arm64 0.1.0 63.00 NOTE
r-release-macos-x86_64 0.1.0 74.00 NOTE
r-release-windows-x86_64 0.1.0 22.00 218.00 240.00 OK
r-oldrel-macos-arm64 0.1.0 71.00 NOTE
r-oldrel-macos-x86_64 0.1.0 110.00 NOTE
r-oldrel-windows-ix86+x86_64 0.1.0 49.00 351.00 400.00 OK

Check Details

Version: 0.1.0
Check: C++ specification
Result: NOTE
     Specified C++11: please update to current default of C++17
Flavors: r-devel-linux-x86_64-debian-gcc, r-devel-linux-x86_64-fedora-clang, r-devel-linux-x86_64-fedora-gcc, r-devel-windows-x86_64

Version: 0.1.0
Check: dependencies in R code
Result: NOTE
    Namespace in Imports field not imported from: ‘mathjaxr’
     All declared Imports should be used.
Flavors: r-devel-linux-x86_64-fedora-clang, r-devel-linux-x86_64-fedora-gcc, r-release-macos-arm64, r-release-macos-x86_64, r-oldrel-macos-arm64, r-oldrel-macos-x86_64