CRAN Package Check Results for Package elevatr

Last updated on 2022-01-18 06:52:44 CET.

Flavor Version Tinstall Tcheck Ttotal Status Flags
r-devel-linux-x86_64-debian-clang 0.4.2 6.60 101.91 108.51 OK
r-devel-linux-x86_64-debian-gcc 0.4.2 5.73 80.15 85.88 OK
r-devel-linux-x86_64-fedora-clang 0.4.2 133.90 OK
r-devel-linux-x86_64-fedora-gcc 0.4.2 119.47 OK
r-devel-windows-x86_64-new-UL 0.4.2 44.00 119.00 163.00 OK
r-devel-windows-x86_64-new-TK 0.4.2 OK
r-patched-linux-x86_64 0.4.2 6.20 98.29 104.49 OK
r-release-linux-x86_64 0.4.2 OK
r-release-macos-arm64 0.4.2 OK
r-release-macos-x86_64 0.4.2 WARN --as-cran
r-release-windows-ix86+x86_64 0.4.2 17.00 115.00 132.00 OK
r-oldrel-macos-x86_64 0.4.1 OK
r-oldrel-windows-ix86+x86_64 0.4.2 16.00 118.00 134.00 OK

Check Details

Version: 0.4.2
Flags: --as-cran
Check: CRAN incoming feasibility
Result: WARN
    Maintainer: ‘Jeffrey Hollister <hollister.jeff@epa.gov>’
    
    Insufficient package version (submitted: 0.4.2, existing: 0.4.2)
    
    Days since last update: 1
Flavor: r-release-macos-x86_64

Version: 0.4.2
Flags: --as-cran
Check: top-level files
Result: NOTE
    Files ‘README.md’ or ‘NEWS.md’ cannot be checked without ‘pandoc’ being installed.
Flavor: r-release-macos-x86_64