CRAN Package Check Results for Package emdbook

Last updated on 2021-04-17 06:46:41 CEST.

Flavor Version Tinstall Tcheck Ttotal Status Flags
r-devel-linux-x86_64-debian-clang 1.3.12 11.71 88.86 100.57 OK
r-devel-linux-x86_64-debian-gcc 1.3.12 8.58 68.57 77.15 OK
r-devel-linux-x86_64-fedora-clang 1.3.12 129.28 NOTE
r-devel-linux-x86_64-fedora-gcc 1.3.12 117.94 OK
r-devel-windows-ix86+x86_64 1.3.12 27.00 110.00 137.00 OK
r-devel-windows-x86_64-gcc10-UCRT 1.3.12 OK
r-patched-linux-x86_64 1.3.12 10.19 82.42 92.61 OK
r-patched-solaris-x86 1.3.12 167.10 OK
r-release-linux-x86_64 1.3.12 9.99 82.60 92.59 OK
r-release-macos-x86_64 1.3.12 OK
r-release-windows-ix86+x86_64 1.3.12 17.00 112.00 129.00 OK
r-oldrel-macos-x86_64 1.3.12 NOTE
r-oldrel-windows-ix86+x86_64 1.3.12 15.00 103.00 118.00 OK

Check Details

Version: 1.3.12
Check: Rd cross-references
Result: NOTE
    Undeclared package ‘mvtnorm’ in Rd xrefs
Flavor: r-devel-linux-x86_64-fedora-clang

Version: 1.3.12
Check: dependencies in R code
Result: NOTE
    No protocol specified
Flavor: r-oldrel-macos-x86_64