CRAN Package Check Results for Package emoji

Last updated on 2024-06-22 07:49:27 CEST.

Flavor Version Tinstall Tcheck Ttotal Status Flags
r-devel-linux-x86_64-debian-clang 15.0 4.09 39.23 43.32 NOTE
r-devel-linux-x86_64-debian-gcc 15.0 3.39 29.59 32.98 NOTE
r-devel-linux-x86_64-fedora-clang 15.0 53.78 NOTE
r-devel-linux-x86_64-fedora-gcc 15.0 51.48 NOTE
r-devel-windows-x86_64 15.0 6.00 56.00 62.00 NOTE
r-patched-linux-x86_64 15.0 3.35 37.36 40.71 NOTE
r-release-linux-x86_64 15.0 4.54 36.67 41.21 NOTE
r-release-macos-arm64 15.0 22.00 NOTE
r-release-macos-x86_64 15.0 30.00 NOTE
r-release-windows-x86_64 15.0 6.00 56.00 62.00 NOTE
r-oldrel-macos-arm64 15.0 21.00 OK
r-oldrel-macos-x86_64 15.0 30.00 OK
r-oldrel-windows-x86_64 15.0 7.00 60.00 67.00 OK

Check Details

Version: 15.0
Check: Rd files
Result: NOTE checkRd: (-1) medal.Rd:21: Lost braces in \itemize; meant \describe ? checkRd: (-1) medal.Rd:22: Lost braces in \itemize; meant \describe ? checkRd: (-1) medal.Rd:23: Lost braces in \itemize; meant \describe ? Flavors: r-devel-linux-x86_64-debian-clang, r-devel-linux-x86_64-debian-gcc, r-devel-linux-x86_64-fedora-clang, r-devel-linux-x86_64-fedora-gcc, r-devel-windows-x86_64, r-patched-linux-x86_64, r-release-linux-x86_64, r-release-macos-arm64, r-release-macos-x86_64, r-release-windows-x86_64

Version: 15.0
Check: data for non-ASCII characters
Result: NOTE Note: found 16919 marked UTF-8 strings Flavors: r-devel-linux-x86_64-fedora-clang, r-devel-linux-x86_64-fedora-gcc