Last updated on 2023-06-01 06:58:32 CEST.
Flavor | Version | Tinstall | Tcheck | Ttotal | Status | Flags |
---|---|---|---|---|---|---|
r-devel-linux-x86_64-debian-clang | 15.0 | 3.22 | 37.35 | 40.57 | OK | |
r-devel-linux-x86_64-debian-gcc | 15.0 | 3.02 | 29.27 | 32.29 | OK | |
r-devel-linux-x86_64-fedora-clang | 15.0 | 52.78 | NOTE | |||
r-devel-linux-x86_64-fedora-gcc | 15.0 | 49.35 | NOTE | |||
r-devel-windows-x86_64 | 15.0 | 6.00 | 54.00 | 60.00 | OK | |
r-patched-linux-x86_64 | 15.0 | OK | ||||
r-release-linux-x86_64 | 15.0 | 3.48 | 36.80 | 40.28 | OK | |
r-release-macos-arm64 | 15.0 | 21.00 | OK | |||
r-release-macos-x86_64 | 15.0 | 30.00 | OK | |||
r-release-windows-x86_64 | 15.0 | 7.00 | 59.00 | 66.00 | OK | |
r-oldrel-macos-arm64 | 15.0 | 29.00 | NOTE | |||
r-oldrel-macos-x86_64 | 15.0 | 24.00 | NOTE | |||
r-oldrel-windows-x86_64 | 15.0 | 7.00 | 58.00 | 65.00 | OK |
Version: 15.0
Check: data for non-ASCII characters
Result: NOTE
Note: found 16919 marked UTF-8 strings
Flavors: r-devel-linux-x86_64-fedora-clang, r-devel-linux-x86_64-fedora-gcc, r-oldrel-macos-arm64, r-oldrel-macos-x86_64