Last updated on 2022-05-28 07:05:51 CEST.
Flavor | Version | Tinstall | Tcheck | Ttotal | Status | Flags |
---|---|---|---|---|---|---|
r-devel-linux-x86_64-debian-clang | 0.5.5 | 6.23 | 70.18 | 76.41 | OK | |
r-devel-linux-x86_64-debian-gcc | 0.5.5 | 4.53 | 53.40 | 57.93 | OK | |
r-devel-linux-x86_64-fedora-clang | 0.5.5 | 90.03 | NOTE | |||
r-devel-linux-x86_64-fedora-gcc | 0.5.5 | 88.45 | OK | |||
r-devel-windows-x86_64 | 0.5.5 | 21.00 | 98.00 | 119.00 | NOTE | |
r-patched-linux-x86_64 | 0.5.5 | 6.01 | 65.84 | 71.85 | OK | |
r-release-linux-x86_64 | 0.5.5 | 6.02 | 66.69 | 72.71 | OK | |
r-release-macos-arm64 | 0.5.5 | 26.00 | NOTE | |||
r-release-macos-x86_64 | 0.5.5 | 42.00 | NOTE | |||
r-release-windows-x86_64 | 0.5.5 | 24.00 | 96.00 | 120.00 | NOTE | |
r-oldrel-macos-arm64 | 0.5.5 | 39.00 | NOTE | |||
r-oldrel-macos-x86_64 | 0.5.5 | 61.00 | NOTE | |||
r-oldrel-windows-ix86+x86_64 | 0.5.5 | 18.00 | 76.00 | 94.00 | NOTE |
Version: 0.5.5
Check: installed package size
Result: NOTE
installed size is 7.0Mb
sub-directories of 1Mb or more:
emoji_fonts 6.5Mb
Flavors: r-devel-linux-x86_64-fedora-clang, r-devel-windows-x86_64, r-release-macos-arm64, r-release-macos-x86_64, r-release-windows-x86_64, r-oldrel-macos-arm64, r-oldrel-macos-x86_64, r-oldrel-windows-ix86+x86_64