Last updated on 2021-01-19 06:51:00 CET.
Flavor | Version | Tinstall | Tcheck | Ttotal | Status | Flags |
---|---|---|---|---|---|---|
r-devel-linux-x86_64-debian-clang | 1.3.2 | 16.77 | 140.00 | 156.77 | OK | |
r-devel-linux-x86_64-debian-gcc | 1.3.2 | 15.57 | 103.11 | 118.68 | OK | |
r-devel-linux-x86_64-fedora-clang | 1.3.2 | 193.10 | NOTE | |||
r-devel-linux-x86_64-fedora-gcc | 1.3.2 | 184.68 | NOTE | |||
r-devel-windows-ix86+x86_64 | 1.3.2 | 32.00 | 133.00 | 165.00 | OK | |
r-patched-linux-x86_64 | 1.3.2 | 11.91 | 125.47 | 137.38 | OK | |
r-patched-solaris-x86 | 1.3.2 | 248.80 | NOTE | |||
r-release-linux-x86_64 | 1.3.2 | 12.67 | 125.35 | 138.02 | OK | |
r-release-macos-x86_64 | 1.3.2 | NOTE | ||||
r-release-windows-ix86+x86_64 | 1.3.2 | 31.00 | 118.00 | 149.00 | OK | |
r-oldrel-macos-x86_64 | 1.3.2 | NOTE | ||||
r-oldrel-windows-ix86+x86_64 | 1.3.2 | 21.00 | 112.00 | 133.00 | OK |
Version: 1.3.2
Check: data for non-ASCII characters
Result: NOTE
Note: found 23639 marked Latin-1 strings
Flavors: r-devel-linux-x86_64-fedora-clang, r-devel-linux-x86_64-fedora-gcc, r-patched-solaris-x86, r-release-macos-x86_64, r-oldrel-macos-x86_64