Last updated on 2023-03-21 15:52:16 CET.
Flavor | Version | Tinstall | Tcheck | Ttotal | Status | Flags |
---|---|---|---|---|---|---|
r-devel-linux-x86_64-debian-clang | 0.1.3 | 4.94 | 58.44 | 63.38 | NOTE | |
r-devel-linux-x86_64-debian-gcc | 0.1.3 | 3.67 | 42.45 | 46.12 | NOTE | |
r-devel-linux-x86_64-fedora-clang | 0.1.3 | 78.32 | NOTE | |||
r-devel-linux-x86_64-fedora-gcc | 0.1.3 | 77.12 | NOTE | |||
r-devel-windows-x86_64 | 0.1.3 | 17.00 | 73.00 | 90.00 | OK | |
r-patched-linux-x86_64 | 0.1.3 | 8.77 | 61.33 | 70.10 | NOTE | |
r-release-linux-x86_64 | 0.1.3 | 5.41 | 56.49 | 61.90 | NOTE | |
r-release-macos-arm64 | 0.1.3 | 27.00 | NOTE | |||
r-release-macos-x86_64 | 0.1.3 | 51.00 | NOTE | |||
r-release-windows-x86_64 | 0.1.3 | 22.00 | 79.00 | 101.00 | OK | |
r-oldrel-macos-arm64 | 0.1.3 | 30.00 | NOTE | |||
r-oldrel-macos-x86_64 | 0.1.3 | 38.00 | NOTE | |||
r-oldrel-windows-ix86+x86_64 | 0.1.3 | 13.00 | 73.00 | 86.00 | OK |
Version: 0.1.3
Check: for non-standard things in the check directory
Result: NOTE
Found the following files/directories:
‘file.path(temp_dir, gp2.csv)’
Flavors: r-devel-linux-x86_64-debian-clang, r-devel-linux-x86_64-debian-gcc, r-devel-linux-x86_64-fedora-clang, r-devel-linux-x86_64-fedora-gcc, r-patched-linux-x86_64, r-release-linux-x86_64
Version: 0.1.3
Check: dependencies in R code
Result: NOTE
Namespace in Imports field not imported from: ‘knitr’
All declared Imports should be used.
Flavors: r-devel-linux-x86_64-fedora-clang, r-devel-linux-x86_64-fedora-gcc, r-release-macos-arm64, r-release-macos-x86_64, r-oldrel-macos-arm64, r-oldrel-macos-x86_64