CRAN Package Check Results for Package entcn

Last updated on 2021-01-16 06:51:06 CET.

Flavor Version Tinstall Tcheck Ttotal Status Flags
r-devel-linux-x86_64-debian-clang 0.1.0 1.72 19.80 21.52 OK
r-devel-linux-x86_64-debian-gcc 0.1.0 1.42 16.09 17.51 OK
r-devel-linux-x86_64-fedora-clang 0.1.0 36.14 NOTE
r-devel-linux-x86_64-fedora-gcc 0.1.0 25.81 NOTE
r-devel-windows-ix86+x86_64 0.1.0 4.00 33.00 37.00 OK
r-patched-linux-x86_64 0.1.0 1.73 19.12 20.85 OK
r-patched-solaris-x86 0.1.0 40.30 NOTE
r-release-linux-x86_64 0.1.0 1.50 19.03 20.53 OK
r-release-macos-x86_64 0.1.0 NOTE
r-release-windows-ix86+x86_64 0.1.0 5.00 32.00 37.00 OK
r-oldrel-macos-x86_64 0.1.0 NOTE
r-oldrel-windows-ix86+x86_64 0.1.0 3.00 30.00 33.00 OK

Check Details

Version: 0.1.0
Check: dependencies in R code
Result: NOTE
    Namespaces in Imports field not imported from:
     ‘RCurl’ ‘bitops’ ‘rjson’
     All declared Imports should be used.
Flavors: r-devel-linux-x86_64-fedora-clang, r-devel-linux-x86_64-fedora-gcc, r-patched-solaris-x86, r-release-macos-x86_64, r-oldrel-macos-x86_64