CRAN Package Check Results for Package enviGCMS

Last updated on 2020-08-11 06:47:18 CEST.

Flavor Version Tinstall Tcheck Ttotal Status Flags
r-devel-linux-x86_64-debian-clang 0.6.6 6.25 57.88 64.13 NOTE
r-devel-linux-x86_64-debian-gcc 0.6.6 5.66 54.25 59.91 OK
r-devel-linux-x86_64-fedora-clang 0.6.6 85.73 NOTE
r-devel-linux-x86_64-fedora-gcc 0.6.6 90.80 OK
r-devel-windows-ix86+x86_64 0.6.6 14.00 138.00 152.00 OK
r-patched-linux-x86_64 0.6.6 6.71 69.91 76.62 OK
r-release-linux-x86_64 0.6.6 7.29 70.26 77.55 OK
r-release-macos-x86_64 0.6.6 ERROR
r-release-windows-ix86+x86_64 0.6.6 17.00 144.00 161.00 OK
r-oldrel-macos-x86_64 0.6.6 OK
r-oldrel-windows-ix86+x86_64 0.6.6 9.00 89.00 98.00 OK

Check Details

Version: 0.6.6
Check: package dependencies
Result: NOTE
    Packages suggested but not available for checking: 'xcms', 'MSnbase'
Flavors: r-devel-linux-x86_64-debian-clang, r-devel-linux-x86_64-fedora-clang

Version: 0.6.6
Check: package dependencies
Result: ERROR
    Package required but not available: ‘Rdisop’
    
    See section ‘The DESCRIPTION file’ in the ‘Writing R Extensions’
    manual.
Flavor: r-release-macos-x86_64