Last updated on 2023-03-27 06:50:05 CEST.
Flavor | Version | Tinstall | Tcheck | Ttotal | Status | Flags |
---|---|---|---|---|---|---|
r-devel-linux-x86_64-debian-clang | 1.1.1 | 2.12 | 23.83 | 25.95 | NOTE | |
r-devel-linux-x86_64-debian-gcc | 1.1.1 | 1.64 | 18.98 | 20.62 | NOTE | |
r-devel-linux-x86_64-fedora-clang | 1.1.1 | 33.27 | NOTE | |||
r-devel-linux-x86_64-fedora-gcc | 1.1.1 | 43.48 | NOTE | |||
r-patched-linux-x86_64 | 1.1.1 | 2.00 | 23.43 | 25.43 | NOTE | |
r-release-linux-x86_64 | 1.1.1 | 2.05 | 24.93 | 26.98 | NOTE | |
r-release-macos-arm64 | 1.1.1 | 17.00 | NOTE | |||
r-release-macos-x86_64 | 1.1.1 | 21.00 | NOTE | |||
r-release-windows-x86_64 | 1.1.1 | 13.00 | 53.00 | 66.00 | NOTE | |
r-oldrel-macos-arm64 | 1.1.1 | 21.00 | NOTE | |||
r-oldrel-macos-x86_64 | 1.1.1 | 26.00 | NOTE | |||
r-oldrel-windows-ix86+x86_64 | 1.1.1 | 4.00 | 49.00 | 53.00 | NOTE |
Version: 1.1.1
Check: LazyData
Result: NOTE
'LazyData' is specified without a 'data' directory
Flavors: r-devel-linux-x86_64-debian-clang, r-devel-linux-x86_64-debian-gcc, r-devel-linux-x86_64-fedora-clang, r-devel-linux-x86_64-fedora-gcc, r-patched-linux-x86_64, r-release-linux-x86_64, r-release-macos-arm64, r-release-macos-x86_64, r-release-windows-x86_64, r-oldrel-macos-arm64, r-oldrel-macos-x86_64, r-oldrel-windows-ix86+x86_64