CRAN Package Check Results for Package epikit

Last updated on 2020-08-11 06:47:18 CEST.

Flavor Version Tinstall Tcheck Ttotal Status Flags
r-devel-linux-x86_64-debian-clang 0.1.1 2.61 32.46 35.07 NOTE
r-devel-linux-x86_64-debian-gcc 0.1.1 1.99 25.47 27.46 NOTE
r-devel-linux-x86_64-fedora-clang 0.1.1 51.93 NOTE
r-devel-linux-x86_64-fedora-gcc 0.1.1 41.39 NOTE
r-devel-windows-ix86+x86_64 0.1.1 7.00 63.00 70.00 NOTE
r-patched-linux-x86_64 0.1.1 2.66 31.87 34.53 NOTE
r-patched-solaris-x86 0.1.1 62.30 NOTE
r-release-linux-x86_64 0.1.1 2.69 32.29 34.98 NOTE
r-release-macos-x86_64 0.1.1 NOTE
r-release-windows-ix86+x86_64 0.1.1 10.00 64.00 74.00 NOTE
r-oldrel-macos-x86_64 0.1.1 NOTE
r-oldrel-windows-ix86+x86_64 0.1.1 4.00 40.00 44.00 NOTE

Check Details

Version: 0.1.1
Check: package dependencies
Result: NOTE
    Package suggested but not available for checking: 'epidict'
Flavors: r-devel-linux-x86_64-debian-clang, r-devel-linux-x86_64-debian-gcc, r-devel-linux-x86_64-fedora-clang, r-devel-linux-x86_64-fedora-gcc, r-devel-windows-ix86+x86_64, r-patched-linux-x86_64, r-patched-solaris-x86, r-release-linux-x86_64, r-release-macos-x86_64, r-release-windows-ix86+x86_64, r-oldrel-macos-x86_64, r-oldrel-windows-ix86+x86_64