CRAN Package Check Results for Package epikit

Last updated on 2021-12-03 06:49:01 CET.

Flavor Version Tinstall Tcheck Ttotal Status Flags
r-devel-linux-x86_64-debian-clang 0.1.2 2.78 34.42 37.20 NOTE
r-devel-linux-x86_64-debian-gcc 0.1.2 1.93 26.73 28.66 NOTE
r-devel-linux-x86_64-fedora-clang 0.1.2 57.39 NOTE
r-devel-linux-x86_64-fedora-gcc 0.1.2 44.43 NOTE
r-devel-windows-x86_64-new-UL 0.1.2 8.00 74.00 82.00 NOTE
r-devel-windows-x86_64-new-TK 0.1.2 NOTE
r-devel-windows-x86_64-old 0.1.2 5.00 40.00 45.00 NOTE
r-patched-linux-x86_64 0.1.2 2.80 32.25 35.05 NOTE
r-patched-solaris-x86 0.1.2 63.00 NOTE
r-release-linux-x86_64 0.1.2 2.66 31.83 34.49 NOTE
r-release-macos-arm64 0.1.2 NOTE
r-release-macos-x86_64 0.1.2 NOTE
r-release-windows-ix86+x86_64 0.1.2 6.00 57.00 63.00 NOTE
r-oldrel-macos-x86_64 0.1.2 NOTE
r-oldrel-windows-ix86+x86_64 0.1.2 6.00 54.00 60.00 NOTE

Check Details

Version: 0.1.2
Check: package dependencies
Result: NOTE
    Package suggested but not available for checking: 'epidict'
Flavors: r-devel-linux-x86_64-debian-clang, r-devel-linux-x86_64-debian-gcc, r-devel-linux-x86_64-fedora-clang, r-devel-linux-x86_64-fedora-gcc, r-devel-windows-x86_64-new-UL, r-devel-windows-x86_64-new-TK, r-devel-windows-x86_64-old, r-patched-linux-x86_64, r-patched-solaris-x86, r-release-linux-x86_64, r-release-macos-arm64, r-release-macos-x86_64, r-release-windows-ix86+x86_64, r-oldrel-macos-x86_64, r-oldrel-windows-ix86+x86_64

Version: 0.1.2
Check: LazyData
Result: NOTE
     'LazyData' is specified without a 'data' directory
Flavors: r-devel-linux-x86_64-debian-clang, r-devel-linux-x86_64-debian-gcc, r-devel-linux-x86_64-fedora-clang, r-devel-linux-x86_64-fedora-gcc, r-devel-windows-x86_64-new-UL, r-devel-windows-x86_64-new-TK, r-devel-windows-x86_64-old, r-patched-linux-x86_64, r-patched-solaris-x86, r-release-linux-x86_64, r-release-macos-arm64, r-release-macos-x86_64, r-release-windows-ix86+x86_64