CRAN Package Check Results for Package equivalence

Last updated on 2022-08-15 06:49:06 CEST.

Flavor Version Tinstall Tcheck Ttotal Status Flags
r-devel-linux-x86_64-debian-clang 0.7.2 8.11 71.46 79.57 OK
r-devel-linux-x86_64-debian-gcc 0.7.2 6.90 52.60 59.50 OK
r-devel-linux-x86_64-fedora-clang 0.7.2 109.38 NOTE
r-devel-linux-x86_64-fedora-gcc 0.7.2 104.21 NOTE
r-devel-windows-x86_64 0.7.2 29.00 95.00 124.00 OK
r-patched-linux-x86_64 0.7.2 10.49 65.98 76.47 OK
r-release-linux-x86_64 0.7.2 5.41 66.06 71.47 OK
r-release-macos-arm64 0.7.2 33.00 OK
r-release-macos-x86_64 0.7.2 58.00 OK
r-release-windows-x86_64 0.7.2 29.00 93.00 122.00 OK
r-oldrel-macos-arm64 0.7.2 39.00 OK
r-oldrel-macos-x86_64 0.7.2 51.00 OK
r-oldrel-windows-ix86+x86_64 0.7.2 23.00 114.00 137.00 OK

Check Details

Version: 0.7.2
Check: compiled code
Result: NOTE
    File ‘equivalence/libs/equivalence.so’:
     Found no calls to: ‘R_registerRoutines’, ‘R_useDynamicSymbols’
    
    It is good practice to register native routines and to disable symbol
    search.
    
    See ‘Writing portable packages’ in the ‘Writing R Extensions’ manual.
Flavors: r-devel-linux-x86_64-fedora-clang, r-devel-linux-x86_64-fedora-gcc