CRAN Package Check Results for Package ergm

Last updated on 2020-11-29 06:46:34 CET.

Flavor Version Tinstall Tcheck Ttotal Status Flags
r-devel-linux-x86_64-debian-clang 3.11.0 74.07 818.06 892.13 OK
r-devel-linux-x86_64-debian-gcc 3.11.0 70.25 599.04 669.29 OK
r-devel-linux-x86_64-fedora-clang 3.11.0 1127.46 NOTE
r-devel-linux-x86_64-fedora-gcc 3.11.0 1120.32 OK
r-devel-windows-ix86+x86_64 3.11.0 145.00 201.00 346.00 OK --no-examples --no-tests --no-vignettes
r-patched-linux-x86_64 3.11.0 104.26 775.13 879.39 OK
r-patched-solaris-x86 3.11.0 1121.70 OK
r-release-linux-x86_64 3.11.0 81.12 785.59 866.71 OK
r-release-macos-x86_64 3.11.0 NOTE
r-release-windows-ix86+x86_64 3.11.0 114.00 150.00 264.00 OK --no-examples --no-tests --no-vignettes
r-oldrel-macos-x86_64 3.11.0 NOTE
r-oldrel-windows-ix86+x86_64 3.11.0 127.00 190.00 317.00 OK --no-examples --no-tests --no-vignettes

Check Details

Version: 3.11.0
Check: installed package size
Result: NOTE
     installed size is 5.7Mb
     sub-directories of 1Mb or more:
     doc 1.6Mb
     libs 2.1Mb
Flavors: r-devel-linux-x86_64-fedora-clang, r-release-macos-x86_64, r-oldrel-macos-x86_64

Version: 3.11.0
Check: package dependencies
Result: NOTE
    Package suggested but not available for checking: ‘Rmpi’
Flavors: r-release-macos-x86_64, r-oldrel-macos-x86_64