CRAN Package Check Results for Package ergmgp

Last updated on 2024-06-13 06:58:00 CEST.

Flavor Version Tinstall Tcheck Ttotal Status Flags
r-devel-linux-x86_64-debian-clang 0.1-1 13.88 104.56 118.44 OK
r-devel-linux-x86_64-debian-gcc 0.1-1 0.22 1.72 1.94 ERROR
r-devel-linux-x86_64-fedora-clang 0.1-1 148.67 OK
r-devel-linux-x86_64-fedora-gcc 0.1-1 139.09 OK
r-devel-windows-x86_64 0.1-1 15.00 92.00 107.00 OK
r-patched-linux-x86_64 0.1-1 19.02 100.92 119.94 OK
r-release-linux-x86_64 0.1-1 8.95 98.03 106.98 OK
r-release-macos-arm64 0.1-1 44.00 OK
r-release-macos-x86_64 0.1-1 65.00 OK
r-release-windows-x86_64 0.1-1 15.00 94.00 109.00 OK
r-oldrel-macos-arm64 0.1-1 51.00 OK
r-oldrel-macos-x86_64 0.1-1 110.00 OK
r-oldrel-windows-x86_64 0.1-1 19.00 108.00 127.00 OK

Additional issues

rchk

Check Details

Version: 0.1-1
Check: package dependencies
Result: ERROR Packages required but not available: 'network', 'ergm', 'networkDynamic' See section ‘The DESCRIPTION file’ in the ‘Writing R Extensions’ manual. Flavor: r-devel-linux-x86_64-debian-gcc