CRAN Package Check Results for Package err

Last updated on 2023-03-30 06:53:13 CEST.

Flavor Version Tinstall Tcheck Ttotal Status Flags
r-devel-linux-x86_64-debian-clang 0.2.0 1.98 22.89 24.87 NOTE
r-devel-linux-x86_64-debian-gcc 0.2.0 1.82 18.27 20.09 NOTE
r-devel-linux-x86_64-fedora-clang 0.2.0 32.35 NOTE
r-devel-linux-x86_64-fedora-gcc 0.2.0 30.30 NOTE
r-devel-windows-x86_64 0.2.0 19.00 54.00 73.00 NOTE
r-patched-linux-x86_64 0.2.0 2.37 22.57 24.94 NOTE
r-release-linux-x86_64 0.2.0 1.98 23.24 25.22 NOTE
r-release-macos-arm64 0.2.0 16.00 NOTE
r-release-macos-x86_64 0.2.0 20.00 NOTE
r-release-windows-x86_64 0.2.0 17.00 51.00 68.00 NOTE
r-oldrel-macos-arm64 0.2.0 23.00 NOTE
r-oldrel-macos-x86_64 0.2.0 25.00 NOTE
r-oldrel-windows-ix86+x86_64 0.2.0 5.00 49.00 54.00 NOTE

Check Details

Version: 0.2.0
Check: LazyData
Result: NOTE
     'LazyData' is specified without a 'data' directory
Flavors: r-devel-linux-x86_64-debian-clang, r-devel-linux-x86_64-debian-gcc, r-devel-linux-x86_64-fedora-clang, r-devel-linux-x86_64-fedora-gcc, r-devel-windows-x86_64, r-patched-linux-x86_64, r-release-linux-x86_64, r-release-macos-arm64, r-release-macos-x86_64, r-release-windows-x86_64, r-oldrel-macos-arm64, r-oldrel-macos-x86_64, r-oldrel-windows-ix86+x86_64