CRAN Package Check Results for Package essHist

Last updated on 2021-06-21 06:49:07 CEST.

Flavor Version Tinstall Tcheck Ttotal Status Flags
r-devel-linux-x86_64-debian-clang 1.2.2 37.16 108.06 145.22 NOTE
r-devel-linux-x86_64-debian-gcc 1.2.2 21.98 75.30 97.28 NOTE
r-devel-linux-x86_64-fedora-clang 1.2.2 190.72 NOTE
r-devel-linux-x86_64-fedora-gcc 1.2.2 178.44 NOTE
r-devel-windows-x86_64 1.2.2 44.00 197.00 241.00 NOTE
r-devel-windows-x86_64-gcc10-UCRT 1.2.2 NOTE
r-patched-linux-x86_64 1.2.2 26.87 108.86 135.73 NOTE
r-patched-solaris-x86 1.2.2 310.30 NOTE
r-release-linux-x86_64 1.2.2 27.05 109.06 136.11 NOTE
r-release-macos-arm64 1.2.2 NOTE
r-release-macos-x86_64 1.2.2 NOTE
r-release-windows-ix86+x86_64 1.2.2 82.00 343.00 425.00 NOTE
r-oldrel-macos-x86_64 1.2.2 OK

Check Details

Version: 1.2.2
Check: LazyData
Result: NOTE
     'LazyData' is specified without a 'data' directory
Flavors: r-devel-linux-x86_64-debian-clang, r-devel-linux-x86_64-debian-gcc, r-devel-linux-x86_64-fedora-clang, r-devel-linux-x86_64-fedora-gcc, r-devel-windows-x86_64, r-devel-windows-x86_64-gcc10-UCRT, r-patched-linux-x86_64, r-patched-solaris-x86, r-release-linux-x86_64, r-release-macos-arm64, r-release-macos-x86_64, r-release-windows-ix86+x86_64