CRAN Package Check Results for Package estimability

Last updated on 2022-07-02 07:06:58 CEST.

Flavor Version Tinstall Tcheck Ttotal Status Flags
r-devel-linux-x86_64-debian-clang 1.3 2.14 23.77 25.91 NOTE
r-devel-linux-x86_64-debian-gcc 1.3 1.23 18.46 19.69 NOTE
r-devel-linux-x86_64-fedora-clang 1.3 41.62 NOTE
r-devel-linux-x86_64-fedora-gcc 1.3 41.28 NOTE
r-devel-windows-x86_64 1.3 35.00 51.00 86.00 NOTE
r-patched-linux-x86_64 1.3 2.22 22.53 24.75 NOTE
r-release-linux-x86_64 1.3 1.78 22.34 24.12 NOTE
r-release-macos-arm64 1.3 17.00 NOTE
r-release-macos-x86_64 1.3 22.00 NOTE
r-release-windows-x86_64 1.3 6.00 53.00 59.00 NOTE
r-oldrel-macos-arm64 1.3 22.00 NOTE
r-oldrel-macos-x86_64 1.3 27.00 NOTE
r-oldrel-windows-ix86+x86_64 1.3 6.00 28.00 34.00 NOTE

Check Details

Version: 1.3
Check: LazyData
Result: NOTE
     'LazyData' is specified without a 'data' directory
Flavors: r-devel-linux-x86_64-debian-clang, r-devel-linux-x86_64-debian-gcc, r-devel-linux-x86_64-fedora-clang, r-devel-linux-x86_64-fedora-gcc, r-devel-windows-x86_64, r-patched-linux-x86_64, r-release-linux-x86_64, r-release-macos-arm64, r-release-macos-x86_64, r-release-windows-x86_64, r-oldrel-macos-arm64, r-oldrel-macos-x86_64, r-oldrel-windows-ix86+x86_64