CRAN Package Check Results for Package estimatr

Last updated on 2020-09-28 06:49:47 CEST.

Flavor Version Tinstall Tcheck Ttotal Status Flags
r-devel-linux-x86_64-debian-clang 0.26.0 96.74 134.23 230.97 OK
r-devel-linux-x86_64-debian-gcc 0.26.0 75.19 104.01 179.20 OK
r-devel-linux-x86_64-fedora-clang 0.26.0 298.43 NOTE
r-devel-linux-x86_64-fedora-gcc 0.26.0 297.57 OK
r-devel-windows-ix86+x86_64 0.26.0 212.00 261.00 473.00 OK
r-patched-linux-x86_64 0.26.0 80.55 132.45 213.00 OK
r-patched-solaris-x86 0.26.0 280.60 OK
r-release-linux-x86_64 0.26.0 79.16 131.20 210.36 OK
r-release-macos-x86_64 0.26.0 NOTE
r-release-windows-ix86+x86_64 0.26.0 208.00 242.00 450.00 OK
r-oldrel-macos-x86_64 0.26.0 NOTE
r-oldrel-windows-ix86+x86_64 0.26.0 194.00 225.00 419.00 OK

Check Details

Version: 0.26.0
Check: installed package size
Result: NOTE
     installed size is 26.0Mb
     sub-directories of 1Mb or more:
     libs 25.7Mb
Flavors: r-devel-linux-x86_64-fedora-clang, r-release-macos-x86_64, r-oldrel-macos-x86_64