Last updated on 2023-11-28 07:53:01 CET.
Flavor | Version | Tinstall | Tcheck | Ttotal | Status | Flags |
---|---|---|---|---|---|---|
r-devel-linux-x86_64-debian-clang | 0.1.0 | 13.57 | 428.91 | 442.48 | NOTE | |
r-devel-linux-x86_64-debian-gcc | 0.1.0 | 12.33 | 323.27 | 335.60 | NOTE | |
r-devel-linux-x86_64-fedora-clang | 0.1.0 | 520.47 | OK | |||
r-devel-linux-x86_64-fedora-gcc | 0.1.0 | 553.16 | OK | |||
r-devel-windows-x86_64 | 0.1.0 | 14.00 | 304.00 | 318.00 | OK | |
r-patched-linux-x86_64 | 0.1.0 | 14.32 | 405.83 | 420.15 | OK | |
r-release-linux-x86_64 | 0.1.0 | 9.72 | 415.31 | 425.03 | OK | |
r-release-macos-arm64 | 0.1.0 | 194.00 | OK | |||
r-release-macos-x86_64 | 0.1.0 | 316.00 | NOTE | |||
r-release-windows-x86_64 | 0.1.0 | 18.00 | 398.00 | 416.00 | OK | |
r-oldrel-macos-arm64 | 0.1.0 | 154.00 | OK | |||
r-oldrel-macos-x86_64 | 0.1.0 | 200.00 | OK | |||
r-oldrel-windows-x86_64 | 0.1.0 | 21.00 | 417.00 | 438.00 | OK |
Version: 0.1.0
Check: Rd files
Result: NOTE
checkRd: (-1) data_cls.Rd:24: Lost braces
24 | \item Graphs: Erd\"{o}s-R\'{e}nyi graphs with connection probability 0.10 for
| ^
checkRd: (-1) data_cls.Rd:24: Lost braces
24 | \item Graphs: Erd\"{o}s-R\'{e}nyi graphs with connection probability 0.10 for
| ^
checkRd: (-1) data_reg.Rd:21: Lost braces
21 | \item Graphs: Erd\"{o}s-R\'{e}nyi graphs with connection probability given by
| ^
checkRd: (-1) data_reg.Rd:21: Lost braces
21 | \item Graphs: Erd\"{o}s-R\'{e}nyi graphs with connection probability given by
| ^
Flavors: r-devel-linux-x86_64-debian-clang, r-devel-linux-x86_64-debian-gcc
Version: 0.1.0
Check: installed package size
Result: NOTE
installed size is 5.4Mb
sub-directories of 1Mb or more:
data 4.8Mb
Flavor: r-release-macos-x86_64