CRAN Package Check Results for Package eventr

Last updated on 2022-10-04 07:49:46 CEST.

Flavor Version Tinstall Tcheck Ttotal Status Flags
r-devel-linux-x86_64-debian-clang 1.0.0 5.09 49.70 54.79 NOTE
r-devel-linux-x86_64-debian-gcc 1.0.0 3.67 36.79 40.46 NOTE
r-devel-linux-x86_64-fedora-clang 1.0.0 79.53 NOTE
r-devel-linux-x86_64-fedora-gcc 1.0.0 80.28 NOTE
r-devel-windows-x86_64 1.0.0 15.00 76.00 91.00 NOTE
r-patched-linux-x86_64 1.0.0 5.73 45.69 51.42 NOTE
r-release-linux-x86_64 1.0.0 4.18 45.09 49.27 NOTE
r-release-macos-arm64 1.0.0 22.00 NOTE
r-release-macos-x86_64 1.0.0 39.00 NOTE
r-release-windows-x86_64 1.0.0 17.00 73.00 90.00 NOTE
r-oldrel-macos-arm64 1.0.0 25.00 NOTE
r-oldrel-macos-x86_64 1.0.0 35.00 NOTE
r-oldrel-windows-ix86+x86_64 1.0.0 14.00 71.00 85.00 NOTE

Check Details

Version: 1.0.0
Check: LazyData
Result: NOTE
     'LazyData' is specified without a 'data' directory
Flavors: r-devel-linux-x86_64-debian-clang, r-devel-linux-x86_64-debian-gcc, r-devel-linux-x86_64-fedora-clang, r-devel-linux-x86_64-fedora-gcc, r-devel-windows-x86_64, r-patched-linux-x86_64, r-release-linux-x86_64, r-release-macos-arm64, r-release-macos-x86_64, r-release-windows-x86_64, r-oldrel-macos-arm64, r-oldrel-macos-x86_64, r-oldrel-windows-ix86+x86_64