Last updated on 2022-07-02 07:06:58 CEST.
Flavor | Version | Tinstall | Tcheck | Ttotal | Status | Flags |
---|---|---|---|---|---|---|
r-devel-linux-x86_64-debian-clang | 2.12 | 29.27 | 191.36 | 220.63 | OK | |
r-devel-linux-x86_64-debian-gcc | 2.12 | 25.79 | 140.33 | 166.12 | OK | |
r-devel-linux-x86_64-fedora-clang | 2.12 | 276.81 | NOTE | |||
r-devel-linux-x86_64-fedora-gcc | 2.12 | 274.35 | OK | |||
r-devel-windows-x86_64 | 2.12 | 78.00 | 197.00 | 275.00 | OK | |
r-patched-linux-x86_64 | 2.12 | 36.54 | 181.95 | 218.49 | OK | |
r-release-linux-x86_64 | 2.12 | 26.61 | 181.63 | 208.24 | OK | |
r-release-macos-arm64 | 2.12 | 50.00 | NOTE | |||
r-release-macos-x86_64 | 2.12 | 82.00 | OK | |||
r-release-windows-x86_64 | 2.12 | 94.00 | 199.00 | 293.00 | OK | |
r-oldrel-macos-arm64 | 2.12 | 64.00 | NOTE | |||
r-oldrel-macos-x86_64 | 2.12 | 132.00 | OK | |||
r-oldrel-windows-ix86+x86_64 | 2.12 | 52.00 | 194.00 | 246.00 | OK |
Version: 2.12
Check: Rd cross-references
Result: NOTE
Undeclared packages ‘ks’, ‘evd’, ‘ismev’, ‘mixtools’, ‘evir’, ‘smoothtail’ in Rd xrefs
Flavor: r-devel-linux-x86_64-fedora-clang
Version: 2.12
Check: installed package size
Result: NOTE
installed size is 5.9Mb
sub-directories of 1Mb or more:
R 2.0Mb
doc 2.9Mb
Flavors: r-release-macos-arm64, r-oldrel-macos-arm64