Last updated on 2023-03-21 15:52:16 CET.
Flavor | Version | Tinstall | Tcheck | Ttotal | Status | Flags |
---|---|---|---|---|---|---|
r-devel-linux-x86_64-debian-clang | 0.5.0 | 23.45 | 166.83 | 190.28 | NOTE | |
r-devel-linux-x86_64-debian-gcc | 0.5.0 | 17.35 | 125.81 | 143.16 | NOTE | |
r-devel-linux-x86_64-fedora-clang | 0.5.0 | 238.43 | NOTE | |||
r-devel-linux-x86_64-fedora-gcc | 0.5.0 | 223.18 | NOTE | |||
r-devel-windows-x86_64 | 0.5.0 | 102.00 | 204.00 | 306.00 | NOTE | |
r-patched-linux-x86_64 | 0.5.0 | 25.42 | 153.24 | 178.66 | NOTE | |
r-release-linux-x86_64 | 0.5.0 | 20.12 | 150.88 | 171.00 | NOTE | |
r-release-macos-arm64 | 0.5.0 | 53.00 | NOTE | |||
r-release-macos-x86_64 | 0.5.0 | 89.00 | NOTE | |||
r-release-windows-x86_64 | 0.5.0 | 89.00 | 187.00 | 276.00 | NOTE | |
r-oldrel-macos-arm64 | 0.5.0 | 70.00 | NOTE | |||
r-oldrel-macos-x86_64 | 0.5.0 | 78.00 | NOTE | |||
r-oldrel-windows-ix86+x86_64 | 0.5.0 | 47.00 | 170.00 | 217.00 | NOTE |
Version: 0.5.0
Check: LazyData
Result: NOTE
'LazyData' is specified without a 'data' directory
Flavors: r-devel-linux-x86_64-debian-clang, r-devel-linux-x86_64-debian-gcc, r-devel-linux-x86_64-fedora-clang, r-devel-linux-x86_64-fedora-gcc, r-devel-windows-x86_64, r-patched-linux-x86_64, r-release-linux-x86_64, r-release-macos-arm64, r-release-macos-x86_64, r-release-windows-x86_64, r-oldrel-macos-arm64, r-oldrel-macos-x86_64, r-oldrel-windows-ix86+x86_64