CRAN Package Check Results for Package exact2x2

Last updated on 2020-09-22 06:47:24 CEST.

Flavor Version Tinstall Tcheck Ttotal Status Flags
r-devel-linux-x86_64-debian-clang 1.6.5 6.52 90.65 97.17 OK
r-devel-linux-x86_64-debian-gcc 1.6.5 0.42 2.27 2.69 ERROR
r-devel-linux-x86_64-fedora-clang 1.6.5 129.80 OK
r-devel-linux-x86_64-fedora-gcc 1.6.5 122.11 OK
r-devel-windows-ix86+x86_64 1.6.5 13.00 99.00 112.00 OK
r-patched-linux-x86_64 1.6.5 6.97 90.42 97.39 OK
r-patched-solaris-x86 1.6.5 156.20 OK
r-release-linux-x86_64 1.6.5 6.71 90.12 96.83 OK
r-release-macos-x86_64 1.6.5 OK
r-release-windows-ix86+x86_64 1.6.5 13.00 87.00 100.00 OK
r-oldrel-macos-x86_64 1.6.5 OK
r-oldrel-windows-ix86+x86_64 1.6.5 9.00 114.00 123.00 OK

Check Details

Version: 1.6.5
Check: whether package can be installed
Result: ERROR
    Installation failed.
Flavor: r-devel-linux-x86_64-debian-gcc