CRAN Package Check Results for Package exactci

Last updated on 2020-08-06 06:48:28 CEST.

Flavor Version Tinstall Tcheck Ttotal Status Flags
r-devel-linux-x86_64-debian-clang 1.3-3 2.93 30.36 33.29 OK
r-devel-linux-x86_64-debian-gcc 1.3-3 3.04 23.29 26.33 OK
r-devel-linux-x86_64-fedora-clang 1.3-3 49.24 NOTE
r-devel-linux-x86_64-fedora-gcc 1.3-3 40.05 OK
r-devel-windows-ix86+x86_64 1.3-3 10.00 41.00 51.00 OK
r-patched-linux-x86_64 1.3-3 3.42 30.09 33.51 OK
r-patched-solaris-x86 1.3-3 56.30 OK
r-release-linux-x86_64 1.3-3 4.15 29.86 34.01 OK
r-release-macos-x86_64 1.3-3 OK
r-release-windows-ix86+x86_64 1.3-3 7.00 42.00 49.00 OK
r-oldrel-macos-x86_64 1.3-3 OK
r-oldrel-windows-ix86+x86_64 1.3-3 6.00 57.00 63.00 OK

Check Details

Version: 1.3-3
Check: Rd cross-references
Result: NOTE
    Undeclared package ‘exact2x2’ in Rd xrefs
Flavor: r-devel-linux-x86_64-fedora-clang