Last updated on 2023-03-21 15:52:16 CET.
Flavor | Version | Tinstall | Tcheck | Ttotal | Status | Flags |
---|---|---|---|---|---|---|
r-devel-linux-x86_64-debian-clang | 1.4-2 | 5.33 | 45.74 | 51.07 | OK | |
r-devel-linux-x86_64-debian-gcc | 1.4-2 | 3.34 | 35.53 | 38.87 | OK | |
r-devel-linux-x86_64-fedora-clang | 1.4-2 | 65.25 | NOTE | |||
r-devel-linux-x86_64-fedora-gcc | 1.4-2 | 71.86 | OK | |||
r-devel-windows-x86_64 | 1.4-2 | 20.00 | 83.00 | 103.00 | OK | |
r-patched-linux-x86_64 | 1.4-2 | 11.25 | 45.78 | 57.03 | OK | |
r-release-linux-x86_64 | 1.4-2 | 4.20 | 45.23 | 49.43 | OK | |
r-release-macos-arm64 | 1.4-2 | 25.00 | OK | |||
r-release-macos-x86_64 | 1.4-2 | 47.00 | OK | |||
r-release-windows-x86_64 | 1.4-2 | 12.00 | 90.00 | 102.00 | OK | |
r-oldrel-macos-arm64 | 1.4-2 | 35.00 | OK | |||
r-oldrel-macos-x86_64 | 1.4-2 | 32.00 | OK | |||
r-oldrel-windows-ix86+x86_64 | 1.4-2 | 11.00 | 74.00 | 85.00 | OK |
Version: 1.4-2
Check: Rd cross-references
Result: NOTE
Undeclared package ‘exact2x2’ in Rd xrefs
Flavor: r-devel-linux-x86_64-fedora-clang