CRAN Package Check Results for Package excessmort

Last updated on 2022-10-01 07:07:56 CEST.

Flavor Version Tinstall Tcheck Ttotal Status Flags
r-devel-linux-x86_64-debian-clang 0.6.1 22.93 180.02 202.95 OK
r-devel-linux-x86_64-debian-gcc 0.6.1 19.18 131.83 151.01 OK
r-devel-linux-x86_64-fedora-clang 0.6.1 265.99 NOTE
r-devel-linux-x86_64-fedora-gcc 0.6.1 271.68 NOTE
r-devel-windows-x86_64 0.6.1 45.00 209.00 254.00 OK
r-patched-linux-x86_64 0.6.1 22.45 172.88 195.33 OK
r-release-linux-x86_64 0.6.1 20.92 175.33 196.25 OK
r-release-macos-arm64 0.6.1 80.00 NOTE
r-release-macos-x86_64 0.6.1 145.00 NOTE
r-release-windows-x86_64 0.6.1 50.00 199.00 249.00 OK
r-oldrel-macos-arm64 0.6.1 88.00 NOTE
r-oldrel-macos-x86_64 0.6.1 97.00 NOTE
r-oldrel-windows-ix86+x86_64 0.6.1 37.00 207.00 244.00 OK

Check Details

Version: 0.6.1
Check: data for non-ASCII characters
Result: NOTE
     Note: found 342 marked UTF-8 strings
Flavors: r-devel-linux-x86_64-fedora-clang, r-devel-linux-x86_64-fedora-gcc, r-release-macos-arm64, r-release-macos-x86_64, r-oldrel-macos-arm64, r-oldrel-macos-x86_64