CRAN Package Check Results for Package extendedFamily

Last updated on 2022-01-22 06:48:52 CET.

Flavor Version Tinstall Tcheck Ttotal Status Flags
r-devel-linux-x86_64-debian-clang 0.2.1 2.07 31.34 33.41 OK
r-devel-linux-x86_64-debian-gcc 0.2.1 1.61 24.74 26.35 OK
r-devel-linux-x86_64-fedora-clang 0.2.1 41.75 NOTE
r-devel-linux-x86_64-fedora-gcc 0.2.1 30.78 NOTE
r-devel-windows-x86_64-new-UL 0.2.1 31.00 48.00 79.00 OK
r-devel-windows-x86_64-new-TK 0.2.1 NOTE
r-patched-linux-x86_64 0.2.1 1.90 30.25 32.15 OK
r-release-linux-x86_64 0.2.1 1.79 30.57 32.36 OK
r-release-macos-arm64 0.2.1 NOTE
r-release-macos-x86_64 0.2.1 NOTE
r-release-windows-ix86+x86_64 0.2.1 5.00 40.00 45.00 OK
r-oldrel-macos-x86_64 0.2.1 NOTE
r-oldrel-windows-ix86+x86_64 0.2.1 5.00 38.00 43.00 OK

Check Details

Version: 0.2.1
Check: dependencies in R code
Result: NOTE
    Namespace in Imports field not imported from: ‘numDeriv’
     All declared Imports should be used.
Flavors: r-devel-linux-x86_64-fedora-clang, r-devel-linux-x86_64-fedora-gcc, r-devel-windows-x86_64-new-TK, r-release-macos-arm64, r-release-macos-x86_64, r-oldrel-macos-x86_64