CRAN Package Check Results for Package extremevalues

Last updated on 2022-10-01 07:07:56 CEST.

Flavor Version Tinstall Tcheck Ttotal Status Flags
r-devel-linux-x86_64-debian-clang 2.3.3 5.67 58.03 63.70 NOTE
r-devel-linux-x86_64-debian-gcc 2.3.3 4.71 46.86 51.57 NOTE
r-devel-linux-x86_64-fedora-clang 2.3.3 94.71 NOTE
r-devel-linux-x86_64-fedora-gcc 2.3.3 97.20 NOTE
r-devel-windows-x86_64 2.3.3 23.00 101.00 124.00 NOTE
r-patched-linux-x86_64 2.3.3 6.39 57.75 64.14 OK
r-release-linux-x86_64 2.3.3 6.74 56.52 63.26 OK
r-release-macos-arm64 2.3.3 34.00 OK
r-release-macos-x86_64 2.3.3 52.00 OK
r-release-windows-x86_64 2.3.3 9.00 93.00 102.00 OK
r-oldrel-macos-arm64 2.3.3 41.00 OK
r-oldrel-macos-x86_64 2.3.3 64.00 OK
r-oldrel-windows-ix86+x86_64 2.3.3 15.00 79.00 94.00 OK

Check Details

Version: 2.3.3
Check: Rd files
Result: NOTE
    checkRd: (-1) outlierPlot.Rd:30: Escaped LaTeX specials: \$
    checkRd: (-1) outlierPlot.Rd:32: Escaped LaTeX specials: \$
Flavors: r-devel-linux-x86_64-debian-clang, r-devel-linux-x86_64-debian-gcc, r-devel-linux-x86_64-fedora-clang, r-devel-linux-x86_64-fedora-gcc, r-devel-windows-x86_64