CRAN Package Check Results for Package fAssets

Last updated on 2020-09-22 06:47:24 CEST.

Flavor Version Tinstall Tcheck Ttotal Status Flags
r-devel-linux-x86_64-debian-clang 3042.84 9.02 74.96 83.98 OK
r-devel-linux-x86_64-debian-gcc 3042.84 0.33 2.11 2.44 ERROR
r-devel-linux-x86_64-fedora-clang 3042.84 114.24 OK
r-devel-linux-x86_64-fedora-gcc 3042.84 105.32 OK
r-devel-windows-ix86+x86_64 3042.84 21.00 82.00 103.00 OK
r-patched-linux-x86_64 3042.84 9.02 73.33 82.35 OK
r-patched-solaris-x86 3042.84 142.80 OK
r-release-linux-x86_64 3042.84 8.96 73.50 82.46 OK
r-release-macos-x86_64 3042.84 OK
r-release-windows-ix86+x86_64 3042.84 21.00 99.00 120.00 OK
r-oldrel-macos-x86_64 3042.84 OK
r-oldrel-windows-ix86+x86_64 3042.84 13.00 90.00 103.00 OK

Check Details

Version: 3042.84
Check: whether package can be installed
Result: ERROR
    Installation failed.
Flavor: r-devel-linux-x86_64-debian-gcc