Last updated on 2023-03-25 05:50:31 CET.
Flavor | Version | Tinstall | Tcheck | Ttotal | Status | Flags |
---|---|---|---|---|---|---|
r-devel-linux-x86_64-debian-clang | 3042.78 | 6.55 | 52.51 | 59.06 | NOTE | |
r-devel-linux-x86_64-debian-gcc | 3042.78 | 4.89 | 40.52 | 45.41 | NOTE | |
r-devel-linux-x86_64-fedora-clang | 3042.78 | 76.68 | NOTE | |||
r-devel-linux-x86_64-fedora-gcc | 3042.78 | 69.23 | NOTE | |||
r-patched-linux-x86_64 | 3042.78 | 6.18 | 51.76 | 57.94 | NOTE | |
r-release-linux-x86_64 | 3042.78 | 6.48 | 52.04 | 58.52 | NOTE | |
r-release-macos-arm64 | 3042.78 | 26.00 | NOTE | |||
r-release-macos-x86_64 | 3042.78 | 34.00 | NOTE | |||
r-release-windows-x86_64 | 3042.78 | 9.00 | 79.00 | 88.00 | NOTE | |
r-oldrel-macos-arm64 | 3042.78 | 33.00 | NOTE | |||
r-oldrel-macos-x86_64 | 3042.78 | 43.00 | NOTE | |||
r-oldrel-windows-ix86+x86_64 | 3042.78 | 13.00 | 73.00 | 86.00 | NOTE |
Version: 3042.78
Check: LazyData
Result: NOTE
'LazyData' is specified without a 'data' directory
Flavors: r-devel-linux-x86_64-debian-clang, r-devel-linux-x86_64-debian-gcc, r-devel-linux-x86_64-fedora-clang, r-devel-linux-x86_64-fedora-gcc, r-patched-linux-x86_64, r-release-linux-x86_64, r-release-macos-arm64, r-release-macos-x86_64, r-release-windows-x86_64, r-oldrel-macos-arm64, r-oldrel-macos-x86_64, r-oldrel-windows-ix86+x86_64