CRAN Package Check Results for Package fHMM

Last updated on 2021-06-19 06:48:07 CEST.

Flavor Version Tinstall Tcheck Ttotal Status Flags
r-devel-linux-x86_64-debian-clang 0.3.0 51.31 50.51 101.82 OK
r-devel-linux-x86_64-debian-gcc 0.3.0 30.80 38.78 69.58 OK
r-devel-linux-x86_64-fedora-clang 0.3.0 135.94 OK
r-devel-linux-x86_64-fedora-gcc 0.3.0 124.35 OK
r-devel-windows-x86_64 0.3.0 60.00 84.00 144.00 OK
r-devel-windows-x86_64-gcc10-UCRT 0.3.0 NOTE
r-patched-linux-x86_64 0.3.0 38.16 49.19 87.35 OK
r-patched-solaris-x86 0.3.0 120.80 OK
r-release-linux-x86_64 0.2.0 36.58 35.52 72.10 NOTE
r-release-macos-arm64 0.3.0 OK
r-release-macos-x86_64 0.3.0 OK
r-release-windows-ix86+x86_64 0.2.0 102.00 55.00 157.00 NOTE
r-oldrel-macos-x86_64 0.3.0 OK
r-oldrel-windows-ix86+x86_64 0.3.0 75.00 91.00 166.00 OK

Check Details

Version: 0.3.0
Check: files in ‘vignettes’
Result: NOTE
    Package has no Sweave vignette sources and no VignetteBuilder field.
Flavor: r-devel-windows-x86_64-gcc10-UCRT

Version: 0.2.0
Check: LazyData
Result: NOTE
     'LazyData' is specified without a 'data' directory
Flavors: r-release-linux-x86_64, r-release-windows-ix86+x86_64