CRAN Package Check Results for Package fICA

Last updated on 2023-01-27 07:50:32 CET.

Flavor Version Tinstall Tcheck Ttotal Status Flags
r-devel-linux-x86_64-debian-clang 1.1-2 53.18 34.59 87.77 OK
r-devel-linux-x86_64-debian-gcc 1.1-2 27.90 26.88 54.78 OK
r-devel-linux-x86_64-fedora-clang 1.1-2 115.53 OK
r-devel-linux-x86_64-fedora-gcc 1.1-2 93.49 OK
r-devel-windows-x86_64 1.1-2 42.00 82.00 124.00 OK
r-patched-linux-x86_64 1.1-2 31.78 34.16 65.94 OK
r-release-linux-x86_64 1.1-2 33.03 34.42 67.45 OK
r-release-macos-arm64 1.1-2 32.00 OK
r-release-macos-x86_64 1.1-2 43.00 OK
r-release-windows-x86_64 1.1-2 37.00 85.00 122.00 OK
r-oldrel-macos-arm64 1.1-2 36.00 NOTE
r-oldrel-macos-x86_64 1.1-2 43.00 OK
r-oldrel-windows-ix86+x86_64 1.1-2 89.00 85.00 174.00 OK

Check Details

Version: 1.1-2
Check: installed package size
Result: NOTE
     installed size is 5.5Mb
     sub-directories of 1Mb or more:
     libs 5.3Mb
Flavor: r-oldrel-macos-arm64