Last updated on 2022-05-28 07:05:52 CEST.
Flavor | Version | Tinstall | Tcheck | Ttotal | Status | Flags |
---|---|---|---|---|---|---|
r-devel-linux-x86_64-debian-clang | 3042.80.1 | 5.52 | 85.59 | 91.11 | NOTE | |
r-devel-linux-x86_64-debian-gcc | 3042.80.1 | 5.11 | 65.33 | 70.44 | NOTE | |
r-devel-linux-x86_64-fedora-clang | 3042.80.1 | 110.52 | NOTE | |||
r-devel-linux-x86_64-fedora-gcc | 3042.80.1 | 107.13 | NOTE | |||
r-devel-windows-x86_64 | 3042.80.1 | 26.00 | 106.00 | 132.00 | NOTE | |
r-patched-linux-x86_64 | 3042.80.1 | 7.59 | 80.72 | 88.31 | NOTE | |
r-release-linux-x86_64 | 3042.80.1 | 5.79 | 81.32 | 87.11 | NOTE | |
r-release-macos-arm64 | 3042.80.1 | 34.00 | NOTE | |||
r-release-macos-x86_64 | 3042.80.1 | 42.00 | NOTE | |||
r-release-windows-x86_64 | 3042.80.1 | 29.00 | 106.00 | 135.00 | NOTE | |
r-oldrel-macos-arm64 | 3042.80.1 | 35.00 | NOTE | |||
r-oldrel-macos-x86_64 | 3042.80.1 | 56.00 | NOTE | |||
r-oldrel-windows-ix86+x86_64 | 3042.80.1 | 14.00 | 90.00 | 104.00 | NOTE |
Version: 3042.80.1
Check: LazyData
Result: NOTE
'LazyData' is specified without a 'data' directory
Flavors: r-devel-linux-x86_64-debian-clang, r-devel-linux-x86_64-debian-gcc, r-devel-linux-x86_64-fedora-clang, r-devel-linux-x86_64-fedora-gcc, r-devel-windows-x86_64, r-patched-linux-x86_64, r-release-linux-x86_64, r-release-macos-arm64, r-release-macos-x86_64, r-release-windows-x86_64, r-oldrel-macos-arm64, r-oldrel-macos-x86_64, r-oldrel-windows-ix86+x86_64