CRAN Package Check Results for Package fPortfolio

Last updated on 2020-09-27 06:46:33 CEST.

Flavor Version Tinstall Tcheck Ttotal Status Flags
r-devel-linux-x86_64-debian-clang 3042.83.1 24.50 156.23 180.73 NOTE
r-devel-linux-x86_64-debian-gcc 3042.83.1 20.47 117.84 138.31 NOTE
r-devel-linux-x86_64-fedora-clang 3042.83.1 241.46 NOTE
r-devel-linux-x86_64-fedora-gcc 3042.83.1 231.45 NOTE
r-devel-windows-ix86+x86_64 3042.83.1 48.00 178.00 226.00 NOTE
r-patched-linux-x86_64 3042.83.1 24.05 146.32 170.37 NOTE
r-patched-solaris-x86 3042.83.1 276.70 NOTE
r-release-linux-x86_64 3042.83.1 23.03 147.46 170.49 NOTE
r-release-macos-x86_64 3042.83.1 NOTE
r-release-windows-ix86+x86_64 3042.83.1 58.00 171.00 229.00 NOTE
r-oldrel-macos-x86_64 3042.83.1 NOTE
r-oldrel-windows-ix86+x86_64 3042.83.1 40.00 165.00 205.00 NOTE

Check Details

Version: 3042.83.1
Check: package dependencies
Result: NOTE
    Packages suggested but not available for checking:
     'Rsocp', 'Rnlminb2', 'Rdonlp2'
Flavors: r-devel-linux-x86_64-debian-clang, r-devel-linux-x86_64-debian-gcc, r-devel-linux-x86_64-fedora-clang, r-devel-linux-x86_64-fedora-gcc, r-devel-windows-ix86+x86_64, r-patched-linux-x86_64, r-release-linux-x86_64, r-release-windows-ix86+x86_64, r-oldrel-windows-ix86+x86_64

Version: 3042.83.1
Check: package dependencies
Result: NOTE
    Packages suggested but not available for checking:
     'Rsocp', 'Rnlminb2', 'Rdonlp2', 'Rsymphony'
Flavors: r-patched-solaris-x86, r-release-macos-x86_64, r-oldrel-macos-x86_64