Last updated on 2021-01-16 06:51:06 CET.
Flavor | Version | Tinstall | Tcheck | Ttotal | Status | Flags |
---|---|---|---|---|---|---|
r-devel-linux-x86_64-debian-clang | 0.1.0 | 7.64 | 89.44 | 97.08 | OK | |
r-devel-linux-x86_64-debian-gcc | 0.1.0 | 6.22 | 70.33 | 76.55 | OK | |
r-devel-linux-x86_64-fedora-clang | 0.1.0 | 119.75 | NOTE | |||
r-devel-linux-x86_64-fedora-gcc | 0.1.0 | 110.61 | OK | |||
r-devel-windows-ix86+x86_64 | 0.1.0 | 14.00 | 97.00 | 111.00 | OK | |
r-patched-linux-x86_64 | 0.1.0 | 4.81 | 84.59 | 89.40 | OK | |
r-patched-solaris-x86 | 0.1.0 | 157.90 | OK | |||
r-release-linux-x86_64 | 0.1.0 | 5.32 | 89.09 | 94.41 | OK | |
r-release-macos-x86_64 | 0.1.0 | OK | ||||
r-release-windows-ix86+x86_64 | 0.1.0 | 15.00 | 86.00 | 101.00 | OK | |
r-oldrel-macos-x86_64 | 0.1.0 | OK | ||||
r-oldrel-windows-ix86+x86_64 | 0.1.0 | 15.00 | 80.00 | 95.00 | OK |
Version: 0.1.0
Check: Rd cross-references
Result: NOTE
Undeclared package ‘tibble’ in Rd xrefs
Flavor: r-devel-linux-x86_64-fedora-clang