CRAN Package Check Results for Package facmodCS

Last updated on 2024-04-21 06:54:54 CEST.

Flavor Version Tinstall Tcheck Ttotal Status Flags
r-devel-linux-x86_64-debian-clang 1.0 13.41 75.41 88.82 NOTE
r-devel-linux-x86_64-debian-gcc 1.0 14.10 53.86 67.96 NOTE
r-devel-linux-x86_64-fedora-clang 1.0 114.76 NOTE
r-devel-linux-x86_64-fedora-gcc 1.0 106.79 NOTE
r-prerel-macos-arm64 1.0 33.00 NOTE
r-prerel-windows-x86_64 1.0 16.00 74.00 90.00 NOTE
r-patched-linux-x86_64 1.0 18.50 68.98 87.48 NOTE
r-release-linux-x86_64 1.0 18.26 71.36 89.62 OK
r-release-macos-arm64 1.0 31.00 OK
r-release-macos-x86_64 1.0 93.00 OK
r-release-windows-x86_64 1.0 19.00 85.00 104.00 OK
r-oldrel-macos-arm64 1.0 34.00 OK
r-oldrel-windows-x86_64 1.0 19.00 85.00 104.00 OK

Check Details

Version: 1.0
Check: Rd files
Result: NOTE checkRd: (-1) fmCov.Rd:37: Lost braces; missing escapes or markup? 37 | where, \code{alpha(i)} is the intercept, \code{f(t)} is a {K x 1} vector of | ^ checkRd: (-1) plot.ffm.Rd:82: Lost braces; missing escapes or markup? 82 | \item{las}{one of {0, 1, 2, 3} to set the direction of axis labels, same as | ^ checkRd: (-1) summary.ffm.Rd:39: Lost braces; missing escapes or markup? 39 | Returned object is of class {summary.ffm}. | ^ Flavors: r-devel-linux-x86_64-debian-clang, r-devel-linux-x86_64-debian-gcc, r-devel-linux-x86_64-fedora-clang, r-devel-linux-x86_64-fedora-gcc, r-prerel-macos-arm64, r-prerel-windows-x86_64, r-patched-linux-x86_64

Version: 1.0
Check: Rd cross-references
Result: NOTE Undeclared package ‘strucchange’ in Rd xrefs Flavor: r-devel-linux-x86_64-fedora-clang