CRAN Package Check Results for Package factorial2x2

Last updated on 2024-02-29 06:54:06 CET.

Flavor Version Tinstall Tcheck Ttotal Status Flags
r-devel-linux-x86_64-debian-clang 0.2.0 6.53 80.80 87.33 NOTE
r-devel-linux-x86_64-debian-gcc 0.2.0 6.19 60.96 67.15 NOTE
r-devel-linux-x86_64-fedora-clang 0.2.0 110.43 NOTE
r-devel-linux-x86_64-fedora-gcc 0.2.0 116.64 NOTE
r-devel-windows-x86_64 0.2.0 8.00 86.00 94.00 NOTE
r-patched-linux-x86_64 0.2.0 9.19 77.03 86.22 NOTE
r-release-linux-x86_64 0.2.0 7.45 76.00 83.45 NOTE
r-release-macos-arm64 0.2.0 43.00 NOTE
r-release-macos-x86_64 0.2.0 61.00 NOTE
r-release-windows-x86_64 0.2.0 10.00 90.00 100.00 NOTE
r-oldrel-macos-arm64 0.2.0 36.00 OK
r-oldrel-windows-x86_64 0.2.0 10.00 92.00 102.00 OK

Check Details

Version: 0.2.0
Check: package subdirectories
Result: NOTE Problems with news in ‘NEWS.md’: Cannot extract version info from the following section titles: minor changes Flavors: r-devel-linux-x86_64-debian-clang, r-devel-linux-x86_64-debian-gcc, r-devel-linux-x86_64-fedora-clang, r-devel-linux-x86_64-fedora-gcc, r-devel-windows-x86_64, r-patched-linux-x86_64, r-release-linux-x86_64, r-release-macos-arm64, r-release-macos-x86_64, r-release-windows-x86_64