CRAN Package Check Results for Package factormodel

Last updated on 2023-03-21 15:52:16 CET.

Flavor Version Tinstall Tcheck Ttotal Status Flags
r-devel-linux-x86_64-debian-clang 1.0 2.28 44.70 46.98 OK
r-devel-linux-x86_64-debian-gcc 1.0 2.06 32.07 34.13 OK
r-devel-linux-x86_64-fedora-clang 1.0 58.23 NOTE
r-devel-linux-x86_64-fedora-gcc 1.0 65.50 NOTE
r-devel-windows-x86_64 1.0 14.00 77.00 91.00 OK
r-patched-linux-x86_64 1.0 2.49 43.43 45.92 OK
r-release-linux-x86_64 1.0 1.81 44.61 46.42 OK
r-release-macos-arm64 1.0 21.00 NOTE
r-release-macos-x86_64 1.0 39.00 NOTE
r-release-windows-x86_64 1.0 18.00 82.00 100.00 OK
r-oldrel-macos-arm64 1.0 26.00 NOTE
r-oldrel-macos-x86_64 1.0 30.00 NOTE
r-oldrel-windows-ix86+x86_64 1.0 7.00 73.00 80.00 OK

Check Details

Version: 1.0
Check: dependencies in R code
Result: NOTE
    Namespace in Imports field not imported from: ‘dplyr’
     All declared Imports should be used.
Flavors: r-devel-linux-x86_64-fedora-clang, r-devel-linux-x86_64-fedora-gcc, r-release-macos-arm64, r-release-macos-x86_64, r-oldrel-macos-arm64, r-oldrel-macos-x86_64