Last updated on 2021-01-17 06:46:48 CET.
Flavor | Version | Tinstall | Tcheck | Ttotal | Status | Flags |
---|---|---|---|---|---|---|
r-devel-linux-x86_64-debian-clang | 0.10.1 | 110.40 | 298.38 | 408.78 | OK | |
r-devel-linux-x86_64-debian-gcc | 0.10.1 | 76.69 | 215.28 | 291.97 | OK | |
r-devel-linux-x86_64-fedora-clang | 0.10.1 | 519.95 | NOTE | |||
r-devel-linux-x86_64-fedora-gcc | 0.10.1 | 503.59 | OK | |||
r-devel-windows-ix86+x86_64 | 0.10.1 | 173.00 | 443.00 | 616.00 | OK | |
r-patched-linux-x86_64 | 0.10.1 | 91.11 | 286.05 | 377.16 | OK | |
r-patched-solaris-x86 | 0.10.1 | 1036.00 | OK | |||
r-release-linux-x86_64 | 0.10.1 | 87.16 | 288.95 | 376.11 | OK | |
r-release-macos-x86_64 | 0.10.1 | NOTE | ||||
r-release-windows-ix86+x86_64 | 0.10.1 | 243.00 | 423.00 | 666.00 | OK | |
r-oldrel-macos-x86_64 | 0.10.1 | NOTE | ||||
r-oldrel-windows-ix86+x86_64 | 0.10.1 | 206.00 | 389.00 | 595.00 | OK |
Version: 0.10.1
Check: installed package size
Result: NOTE
installed size is 7.3Mb
sub-directories of 1Mb or more:
doc 2.0Mb
libs 5.0Mb
Flavors: r-devel-linux-x86_64-fedora-clang, r-release-macos-x86_64, r-oldrel-macos-x86_64