CRAN Package Check Results for Package factset.analyticsapi.engines

Last updated on 2022-01-17 06:53:15 CET.

Flavor Version Tinstall Tcheck Ttotal Status Flags
r-devel-linux-x86_64-debian-clang 3.0.1 40.55 42.43 82.98 NOTE
r-devel-linux-x86_64-debian-gcc 3.0.1 30.89 33.14 64.03 NOTE
r-devel-linux-x86_64-fedora-clang 3.0.1 105.33 NOTE
r-devel-linux-x86_64-fedora-gcc 3.0.1 95.93 NOTE
r-devel-windows-x86_64-new-UL 3.0.1 1357.00 64.00 1421.00 NOTE
r-devel-windows-x86_64-new-TK 3.0.1 NOTE
r-patched-linux-x86_64 3.0.1 38.13 40.97 79.10 NOTE
r-release-linux-x86_64 3.0.1 NOTE
r-release-macos-arm64 3.0.1 NOTE
r-release-macos-x86_64 3.0.1 NOTE
r-release-windows-ix86+x86_64 3.0.1 57.00 52.00 109.00 NOTE
r-oldrel-macos-x86_64 3.0.1 NOTE
r-oldrel-windows-ix86+x86_64 3.0.1 56.00 51.00 107.00 OK

Check Details

Version: 3.0.1
Check: LazyData
Result: NOTE
     'LazyData' is specified without a 'data' directory
Flavors: r-devel-linux-x86_64-debian-clang, r-devel-linux-x86_64-debian-gcc, r-devel-linux-x86_64-fedora-clang, r-devel-linux-x86_64-fedora-gcc, r-devel-windows-x86_64-new-UL, r-devel-windows-x86_64-new-TK, r-patched-linux-x86_64, r-release-linux-x86_64, r-release-macos-arm64, r-release-macos-x86_64, r-release-windows-ix86+x86_64

Version: 3.0.1
Check: dependencies in R code
Result: NOTE
    Namespaces in Imports field not imported from:
     ‘R6’ ‘caTools’ ‘httr’ ‘jsonlite’ ‘rlang’
     All declared Imports should be used.
Flavors: r-devel-linux-x86_64-fedora-clang, r-devel-linux-x86_64-fedora-gcc, r-devel-windows-x86_64-new-TK, r-release-macos-arm64, r-release-macos-x86_64, r-oldrel-macos-x86_64