CRAN Package Check Results for Package fad

Last updated on 2021-06-17 06:48:07 CEST.

Flavor Version Tinstall Tcheck Ttotal Status Flags
r-devel-linux-x86_64-debian-clang 0.3-3 64.74 79.53 144.27 NOTE
r-devel-linux-x86_64-debian-gcc 0.3-3 45.80 61.78 107.58 NOTE
r-devel-linux-x86_64-fedora-clang 0.3-3 192.45 NOTE
r-devel-linux-x86_64-fedora-gcc 0.3-3 177.83 NOTE
r-devel-windows-x86_64 0.3-3 74.00 91.00 165.00 NOTE
r-devel-windows-x86_64-gcc10-UCRT 0.3-3 NOTE
r-patched-linux-x86_64 0.3-3 57.20 78.55 135.75 NOTE
r-patched-solaris-x86 0.3-3 202.20 NOTE
r-release-linux-x86_64 0.3-3 51.65 77.86 129.51 NOTE
r-release-macos-arm64 0.3-3 NOTE
r-release-macos-x86_64 0.3-3 NOTE
r-release-windows-ix86+x86_64 0.3-3 141.00 138.00 279.00 NOTE
r-oldrel-macos-x86_64 0.3-3 NOTE
r-oldrel-windows-ix86+x86_64 0.3-3 107.00 133.00 240.00 OK

Check Details

Version: 0.3-3
Check: LazyData
Result: NOTE
     'LazyData' is specified without a 'data' directory
Flavors: r-devel-linux-x86_64-debian-clang, r-devel-linux-x86_64-debian-gcc, r-devel-linux-x86_64-fedora-clang, r-devel-linux-x86_64-fedora-gcc, r-devel-windows-x86_64, r-devel-windows-x86_64-gcc10-UCRT, r-patched-linux-x86_64, r-patched-solaris-x86, r-release-linux-x86_64, r-release-macos-arm64, r-release-macos-x86_64, r-release-windows-ix86+x86_64

Version: 0.3-3
Check: installed package size
Result: NOTE
     installed size is 9.7Mb
     sub-directories of 1Mb or more:
     libs 9.4Mb
Flavors: r-devel-linux-x86_64-fedora-clang, r-release-macos-arm64, r-release-macos-x86_64, r-oldrel-macos-x86_64