CRAN Package Check Results for Package farff

Last updated on 2023-02-02 06:54:50 CET.

Flavor Version Tinstall Tcheck Ttotal Status Flags
r-devel-linux-x86_64-debian-clang 1.1.1 6.75 44.49 51.24 OK
r-devel-linux-x86_64-debian-gcc 1.1.1 5.74 33.65 39.39 OK
r-devel-linux-x86_64-fedora-clang 1.1.1 65.43 NOTE
r-devel-linux-x86_64-fedora-gcc 1.1.1 60.59 OK
r-devel-windows-x86_64 1.1.1 28.00 76.00 104.00 OK
r-patched-linux-x86_64 1.1.1 5.87 42.79 48.66 OK
r-release-linux-x86_64 1.1.1 6.42 44.27 50.69 OK
r-release-macos-arm64 1.1.1 23.00 OK
r-release-macos-x86_64 1.1.1 48.00 NOTE
r-release-windows-x86_64 1.1.1 21.00 76.00 97.00 OK
r-oldrel-macos-arm64 1.1.1 26.00 OK
r-oldrel-macos-x86_64 1.1.1 37.00 OK
r-oldrel-windows-ix86+x86_64 1.1.1 19.00 82.00 101.00 OK

Check Details

Version: 1.1.1
Check: Rd cross-references
Result: NOTE
    Undeclared package ‘RWeka’ in Rd xrefs
Flavor: r-devel-linux-x86_64-fedora-clang

Version: 1.1.1
Check: Rd cross-references
Result: NOTE
    Package unavailable to check Rd xrefs: ‘RWeka’
Flavor: r-release-macos-x86_64