CRAN Package Check Results for Package farr

Last updated on 2022-09-29 06:54:21 CEST.

Flavor Version Tinstall Tcheck Ttotal Status Flags
r-devel-linux-x86_64-debian-clang 0.2.27 6.48 56.97 63.45 OK
r-devel-linux-x86_64-debian-gcc 0.2.27 5.48 44.64 50.12 OK
r-devel-linux-x86_64-fedora-clang 0.2.27 91.19 NOTE
r-devel-linux-x86_64-fedora-gcc 0.2.27 94.98 NOTE
r-devel-windows-x86_64 0.2.27 31.00 97.00 128.00 OK
r-patched-linux-x86_64 0.2.27 7.83 55.63 63.46 OK
r-release-linux-x86_64 0.2.27 4.73 55.10 59.83 OK
r-release-macos-arm64 0.2.27 35.00 NOTE
r-release-macos-x86_64 0.2.27 46.00 NOTE
r-release-windows-x86_64 0.2.27 33.00 97.00 130.00 OK
r-oldrel-macos-arm64 0.2.27 33.00 NOTE
r-oldrel-macos-x86_64 0.2.27 53.00 NOTE
r-oldrel-windows-ix86+x86_64 0.2.27 15.00 90.00 105.00 OK

Check Details

Version: 0.2.27
Check: data for non-ASCII characters
Result: NOTE
     Note: found 1430 marked UTF-8 strings
Flavors: r-devel-linux-x86_64-fedora-clang, r-devel-linux-x86_64-fedora-gcc, r-release-macos-arm64, r-release-macos-x86_64, r-oldrel-macos-arm64, r-oldrel-macos-x86_64