Last updated on 2025-01-20 07:48:22 CET.
Flavor | Version | Tinstall | Tcheck | Ttotal | Status | Flags |
---|---|---|---|---|---|---|
r-devel-linux-x86_64-debian-clang | 2.2.2 | 20.96 | 159.45 | 180.41 | OK | |
r-devel-linux-x86_64-debian-gcc | 2.2.2 | 15.70 | 101.28 | 116.98 | OK | |
r-devel-linux-x86_64-fedora-clang | 2.2.2 | 283.27 | OK | |||
r-devel-linux-x86_64-fedora-gcc | 2.2.2 | 292.88 | OK | |||
r-devel-windows-x86_64 | 2.2.2 | 25.00 | 217.00 | 242.00 | OK | |
r-patched-linux-x86_64 | 2.2.2 | 21.86 | 159.12 | 180.98 | NOTE | |
r-release-linux-x86_64 | 2.2.2 | 23.16 | 156.19 | 179.35 | NOTE | |
r-release-macos-arm64 | 2.2.2 | 87.00 | NOTE | |||
r-release-macos-x86_64 | 2.2.2 | 158.00 | NOTE | |||
r-release-windows-x86_64 | 2.2.2 | 27.00 | 219.00 | 246.00 | NOTE | |
r-oldrel-macos-arm64 | 2.2.2 | 104.00 | NOTE | |||
r-oldrel-macos-x86_64 | 2.2.2 | 285.00 | NOTE | |||
r-oldrel-windows-x86_64 | 2.2.2 | 30.00 | 279.00 | 309.00 | NOTE |
Version: 2.2.2
Check: for GNU extensions in Makefiles
Result: NOTE
GNU make is a SystemRequirements.
Flavors: r-patched-linux-x86_64, r-release-linux-x86_64, r-release-macos-arm64, r-release-macos-x86_64, r-release-windows-x86_64, r-oldrel-macos-arm64, r-oldrel-macos-x86_64, r-oldrel-windows-x86_64