CRAN Package Check Results for Package fastStat

Last updated on 2020-10-20 06:46:45 CEST.

Flavor Version Tinstall Tcheck Ttotal Status Flags
r-devel-linux-x86_64-debian-clang 1.4 13.93 102.41 116.34 OK
r-devel-linux-x86_64-debian-gcc 1.4 11.27 76.30 87.57 OK
r-devel-linux-x86_64-fedora-clang 1.4 147.17 OK
r-devel-linux-x86_64-fedora-gcc 1.4 135.27 OK
r-devel-windows-ix86+x86_64 1.4 20.00 98.00 118.00 OK
r-patched-linux-x86_64 1.4 13.93 92.55 106.48 OK
r-patched-solaris-x86 1.4 196.70 OK
r-release-linux-x86_64 1.4 11.72 95.55 107.27 OK
r-release-macos-x86_64 1.4 OK
r-release-windows-ix86+x86_64 1.4 30.00 100.00 130.00 OK
r-oldrel-macos-x86_64 1.4 NOTE
r-oldrel-windows-ix86+x86_64 1.4 17.00 108.00 125.00 OK

Check Details

Version: 1.4
Check: dependencies in R code
Result: NOTE
    No protocol specified
    No protocol specified
Flavor: r-oldrel-macos-x86_64