CRAN Package Check Results for Package fastTextR

Last updated on 2022-10-01 07:07:56 CEST.

Flavor Version Tinstall Tcheck Ttotal Status Flags
r-devel-linux-x86_64-debian-clang 2.0.0 137.40 35.41 172.81 WARN
r-devel-linux-x86_64-debian-gcc 2.0.0 101.87 27.75 129.62 OK
r-devel-linux-x86_64-fedora-clang 2.0.0 289.14 WARN
r-devel-linux-x86_64-fedora-gcc 2.0.0 249.75 OK
r-devel-windows-x86_64 2.0.0 116.00 98.00 214.00 OK
r-patched-linux-x86_64 2.0.0 109.69 34.37 144.06 OK
r-release-linux-x86_64 2.0.0 111.70 34.72 146.42 OK
r-release-macos-arm64 2.0.0 57.00 NOTE
r-release-macos-x86_64 2.0.0 78.00 NOTE
r-release-windows-x86_64 2.0.0 117.00 95.00 212.00 OK
r-oldrel-macos-arm64 2.0.0 62.00 NOTE
r-oldrel-macos-x86_64 2.0.0 103.00 NOTE
r-oldrel-windows-ix86+x86_64 2.0.0 322.00 88.00 410.00 OK

Additional issues

clang14

Check Details

Version: 2.0.0
Check: whether package can be installed
Result: WARN
    Found the following significant warnings:
     clean.cc:18:10: warning: use of bitwise '|' with boolean operands [-Wbitwise-instead-of-logical]
     clean.cc:29:10: warning: use of bitwise '|' with boolean operands [-Wbitwise-instead-of-logical]
     clean.cc:70:25: warning: use of bitwise '|' with boolean operands [-Wbitwise-instead-of-logical]
     clean.cc:74:25: warning: use of bitwise '&' with boolean operands [-Wbitwise-instead-of-logical]
Flavors: r-devel-linux-x86_64-debian-clang, r-devel-linux-x86_64-fedora-clang

Version: 2.0.0
Check: installed package size
Result: NOTE
     installed size is 7.5Mb
     sub-directories of 1Mb or more:
     doc 1.8Mb
     libs 5.5Mb
Flavors: r-release-macos-arm64, r-release-macos-x86_64, r-oldrel-macos-arm64, r-oldrel-macos-x86_64