CRAN Package Check Results for Package fastkmedoids

Last updated on 2023-02-02 06:54:50 CET.

Flavor Version Tinstall Tcheck Ttotal Status Flags
r-devel-linux-x86_64-debian-clang 1.2 23.90 27.41 51.31 NOTE
r-devel-linux-x86_64-debian-gcc 1.2 18.07 21.69 39.76 NOTE
r-devel-linux-x86_64-fedora-clang 1.2 71.94 NOTE
r-devel-linux-x86_64-fedora-gcc 1.2 69.79 NOTE
r-patched-linux-x86_64 1.2 21.68 26.95 48.63 OK
r-release-linux-x86_64 1.2 20.49 27.56 48.05 OK
r-release-macos-arm64 1.2 21.00 OK
r-release-macos-x86_64 1.2 32.00 OK
r-release-windows-x86_64 1.2 29.00 80.00 109.00 OK
r-oldrel-macos-arm64 1.2 26.00 OK
r-oldrel-macos-x86_64 1.2 40.00 OK
r-oldrel-windows-ix86+x86_64 1.2 58.00 80.00 138.00 OK

Check Details

Version: 1.2
Check: C++ specification
Result: NOTE
     Specified C++11: please update to current default of C++17
Flavors: r-devel-linux-x86_64-debian-clang, r-devel-linux-x86_64-debian-gcc, r-devel-linux-x86_64-fedora-clang, r-devel-linux-x86_64-fedora-gcc